2*x**2 - 33*x - 229. Calculate z(-10).
-99
Let z(v) = -6*v**3 - 331*v**2 - 49*v + 91. What is z(-55)?
-239
Let w(i) = -3*i**2 + 257*i - 2408. What is w(75)?
-8
Let k(l) = 20*l + 259. Determine k(-13).
-1
Let g(n) = -4*n**2 - 352*n - 1373. Determine g(-4).
-29
Let j(t) = t**3 + 4*t**2 - 33*t - 147. Calculate j(-5).
-7
Let v(t) = 30*t + 341. Calculate v(-10).
41
Let h(b) = -2*b**2 - 115*b + 310. Determine h(-60).
10
Let x(w) = 514*w + 13358. What is x(-26)?
-6
Let k(r) = -15*r**3 - 8*r - 8. Determine k(-1).
15
Let g(m) = 2*m**3 - 4*m**2 - 32*m - 76. What is g(-3)?
-70
Let q(d) = -107*d - 1313. Give q(-12).
-29
Let o(d) = 26*d**2 - 41*d - 19. Calculate o(2).
3
Let n(j) = 34*j + 1894. Give n(-56).
-10
Let a(v) = 36*v + 3407. Give a(-95).
-13
Let x(m) = -12*m**2 - 28*m - 4. Determine x(-3).
-28
Let q(c) = 10*c**2 + 387*c - 935. What is q(-41)?
8
Let x(l) = 156*l + 237. What is x(-4)?
-387
Let w(b) = 2*b**3 + 20*b**2 - 79*b + 8. What is w(-13)?
21
Let i(z) = -z**2 + 98*z + 98. What is i(99)?
-1
Let s(i) = -623*i - 9969. Calculate s(-16).
-1
Let n(d) = d**3 + 13*d**2 - 29*d - 108. Determine n(-14).
102
Let y(s) = 2*s**3 - 24*s**2 - 7*s + 151. Determine y(12).
67
Let d(g) = 64*g + 294. What is d(-5)?
-26
Let t(g) = g**3 - 49*g**2 + 254*g - 46. What is t(5)?
124
Let x(y) = -4*y**3 + 86*y**2 + 46*y - 72. What is x(22)?
-28
Let y(h) = 188*h + 1017. Calculate y(-6).
-111
Let q(z) = -2*z**2 + 148*z + 782. Give q(79).
-8
Let k(p) = p**3 + 46*p**2 + 78*p - 439. Calculate k(-44).
1
Let j(d) = -78*d**2 - 500*d - 194. Give j(-6).
-2
Let o(x) = 97*x - 1368. Calculate o(14).
-10
Let p(t) = -157*t + 611. Give p(4).
-17
Let q(z) = z**3 - 6*z**2 - 497*z - 1824. What is q(-4)?
4
Let v(r) = -16*r - 24. Determine v(1).
-40
Let l(h) = -h**3 + 41*h**2 + 4*h + 83. Determine l(41).
247
Let x(t) = -113*t + 1690. Give x(15).
-5
Let x(c) = -c**2 - 51*c + 6640. Determine x(60).
-20
Let o(g) = -6*g**2 - 31*g - 69. What is o(-6)?
-99
Let j(n) = -23*n**2 + 1895*n + 1169. Give j(83).
7
Let c(s) = 141*s - 775. Give c(6).
71
Let t(l) = -522*l - 285. Calculate t(-1).
237
Let f(y) = y**3 + 42*y**2 + 300*y + 10648. Determine f(-41).
29
Let m(c) = -298*c - 863. Determine m(-3).
31
Let j(k) = -2*k**3 + 18*k**2 + 87*k - 202. Give j(12).
-22
Let t(v) = v**3 + 114*v**2 - 231*v - 13344. Calculate t(-115).
-4
Let x(g) = g**2 - 23*g + 71. Determine x(19).
-5
Let j(g) = -g**3 - 15*g**2 - 15*g - 224. Determine j(-15).
1
Let b(y) = -2*y**2 - 112*y + 78440. What is b(-228)?
8
Let j(n) = 11*n**3 - 7*n**2 - 8*n + 5. What is j(-4)?
-779
Let y(m) = -2*m**3 - 161*m**2 - 3181*m + 137. Determine y(-35).
-3
Let u(p) = -2457*p + 17203. Give u(7).
4
Let w(z) = -375*z - 2315. Give w(-6).
-65
Let s(r) = 523*r - 28248. Give s(54).
-6
Let d(c) = -c**2 + 78*c - 561. Give d(8).
-1
Let j(x) = -25*x**2 + 442*x + 45. Determine j(18).
-99
Let d(p) = -p**2 + 14*p + 496. Give d(-16).
16
Let u(i) = 1404*i + 11229. Give u(-8).
-3
Let i(w) = 196*w**3 + 16*w**2 - 23*w + 2. Calculate i(1).
191
Let a(t) = 4*t**3 - 15*t**2 - 20*t + 56. What is a(4)?
-8
Let r(z) = -87*z + 775. Give r(9).
-8
Let h(c) = 5*c**2 + 158*c - 240. What is h(-33)?
-9
Let r(l) = l**3 - 12*l**2 - 29*l + 6. Determine r(14).
-8
Let z(a) = -2*a**2 + 99*a - 133. Determine z(48).
11
Let m(l) = 5*l**2 + 67*l - 3. Calculate m(-9).
-201
Let w(f) = -24*f**2 - 151*f + 2. Determine w(-6).
44
Let r(b) = -3*b - 16. What is r(-7)?
5
Let v(r) = r**3 + 32*r**2 + 48*r - 375. Determine v(-30).
-15
Let w(u) = 10*u**3 + 3*u**2 + 61*u - 63. What is w(1)?
11
Let l(w) = w**2 + 388*w + 10928. What is l(-31)?
-139
Let k(y) = -y**2 + 4183*y + 16750. Give k(-4).
2
Let x(u) = u**3 - 3*u**2 + 12*u - 58. Calculate x(5).
52
Let r(z) = -2*z**2 - 137*z - 727. Give r(-63).
-34
Let s(r) = -34*r - 7. Calculate s(1).
-41
Let p(f) = f**3 + 16*f**2 - 55*f - 50. Calculate p(-19).
-88
Let x(g) = g**2 - 29*g - 14. What is x(18)?
-212
Let x(t) = -t**3 - 2*t**2 - 120*t - 489. Calculate x(-4).
23
Let b(l) = 2*l**2 - 38. What is b(8)?
90
Let k(z) = z**3 + 7*z**2 + 11*z + 19. Give k(-5).
14
Let l(i) = -3*i**2 + 371*i - 4012. Calculate l(12).
8
Let g(j) = -j**2 - 81*j - 1279. Give g(-20).
-59
Let i(s) = -45*s - 549. Determine i(-14).
81
Let n(r) = r**3 - 85*r**2 - 955*r + 517. Give n(95).
42
Let q(j) = j**3 + 13*j**2 - 114*j - 20. Give q(6).
-20
Let v(x) = 13*x**2 - 101*x - 2. Determine v(6).
-140
Let v(o) = 2*o**2 - 74*o + 269. Determine v(4).
5
Let r(j) = 213*j + 1364. Determine r(-6).
86
Let l(m) = 11*m - 43. What is l(-3)?
-76
Let j(l) = 94*l - 445. Calculate j(6).
119
Let v(k) = k**2 - 2*k + 1. Determine v(0).
1
Let z(r) = r**2 - 749*r - 2251. What is z(-3)?
5
Let d(i) = 2*i**3 + 2*i**2 + 17*i - 64. Determine d(3).
59
Let o(l) = -2*l**3 - 79*l**2 + 38*l + 55. Give o(-40).
135
Let b(d) = 32*d**3 + 5*d**2 + 15*d. What is b(-1)?
-42
Let d(y) = 12*y + 679. Calculate d(-61).
-53
Let r(a) = -3*a**2 + 33*a + 80. Determine r(-2).
2
Let f(k) = -22*k + 76. Determine f(2).
32
Let i(z) = z**3 - 7*z**2 - 64*z - 86. Give i(14).
390
Let n(g) = 39*g**2 - 358*g + 745. Calculate n(6).
1
Let f(l) = 2*l**3 + 15*l**2 + 2*l + 8. Calculate f(-6).
104
Let z(u) = 105*u - 7640. Determine z(71).
-185
Let u(w) = -40*w**2 - 562*w + 11. Determine u(-14).
39
Let b(d) = 88*d - 2919. What is b(33)?
-15
Let h(v) = -2*v**3 + 170*v**2 + 202*v - 2534. Calculate h(86).
46
Let l(n) = n**2 + 915*n + 27. Calculate l(0).
27
Let k(u) = -131*u - 387. Calculate k(-3).
6
Let m(f) = -2*f**3 + 37*f**2 + 66*f - 34. What is m(20)?
86
Let x(h) = -109*h - 670. What is x(-6)?
-16
Let b(o) = -6*o - 124. Give b(-22).
8
Let w(r) = -3*r**2 + 25*r - 9. Give w(9).
-27
Let l(j) = j**3 - 11*j**2 + 14*j + 5. Give l(6).
-91
Let t(a) = 20*a + 839. What is t(-42)?
-1
Let o(f) = -f**3 - 226*f**2 - 3164*f - 1. Determine o(-15).
-16
Let a(u) = -u + 80. Give a(23).
57
Let x(p) = -p**3 + 10*p**2 - 42*p + 137. Give x(7).
-10
Let o(m) = 37*m + 405. What is o(-11)?
-2
Let q(l) = 20*l**2 - 26*l - 7. Give q(2).
21
Let k(r) = r**3 - 19*r**2 + 37*r - 43. What is k(17)?
8
Let c(r) = 201*r - 79. Give c(-2).
-481
Let g(d) = d**3 - 4*d**2 - 9*d + 7. Determine g(4).
-29
Let x(k) = -473*k + 13722. What is x(29)?
5
Let o(k) = -k**3 + 21*k**2 - 59*k + 62. Give o(18).
-28
Let c(x) = -x**3 + 47*x**2 + 147*x + 143. Give c(50).
-7
Let h(r) = 1670*r - 16702. Calculate h(10).
-2
Let c(j) = -10*j**2 - 6*j + 12. Give c(3).
-96
Let c(i) = i**3 - 6*i**2 - 256*i + 345. What is c(-14)?
9
Let y(n) = 2*n**2 + 260*n + 4574. What is y(-21)?
-4
Let n(x) = x**3 - 40*x**2 - 61. Give n(40).
-61
Let m(y) = y**3 + 120*y**2 + 461*y - 13. What is m(-4)?
-1
Let z(j) = j**3 + 33*j**2 + 118*j - 323. Give z(-29).
-381
Let h(i) = -i**3 + 11*i**2 - 15*i - 3. What is h(2)?
3
Let c(j) = -26*j + 229. Give c(8).
21
Let l(x) = -6*x**2 + 93*x - 632. Determine l(8).
-272
Let j(k) = 572*k + 578. Give j(-1).
6
Let i(h) = -h**3 + 3*h**2 - 32*h + 215. Determine i(6).
-85
Let y(f) = -66*f**2 - 280*f - 60. Determine y(-4).
4
Let h(r) = 2*r**2 - 5*r - 86. What is h(-9)?
121
Let u(p) = p**3 - 31*p**2 + 13*p + 218. Calculate u(30).
-292
Let x(o) = o**3 + 205*o**2 - 1467*o + 3613. Determine x(-212).
9
Let g(a) = 38*a**3 + 194*a**2 + a - 5. Give g(-5).
90
Let g(l) = -l**2 - 100*l + 1984. Give g(-117).
-5
Let f(z) = 32*z**2 + 83*z + 18. Determine f(-3).
57
Let x(h) = 59*h**3 - 3*h**2 - 69*h - 69. Give x(-1).
-62
Let h(d) = 61*d - 488. Calculate h(8).
0
Let y(g) = -11*g**2 + 40*g + 498. Calculate y(-5).
23
Let i(r) = r**3 - 7*r**2 + 20*r - 98. Give i(7).
42
Let r(z) = 7*z**2 + 2023*z. Calculate r(-289).
0
Let n(l) = -l**3 + 8*l**2 + 11*l + 59. Calculate n(9).
77
Let q(c) = -4*c**2 - 124*c + 130. What is q(-32)?
2
Let u(w) = 119*w - 1284. Determine u(12).
144
Let u(z) = -316*z + 14539. What is u(46)?
3
Let m(x) = -44*x + 112. Calculate m(5).
-108
Let p(c) = -239*c - 8401. Calculate p(-35).
-36
Let v(h) = 33*h + 5. Give v(-4).
-127
Let m(x) = -x**2 + 23*x - 57. Determine m(7).
55
Let h(d) = 39*d - 5195. Determine h(125).
-320
Let t(v) = v**2 + 241*v + 706. Give t(-3).
-8
Let u(j) = j**3 + 6*j**2 - j - 8. Give u(2).
22
Let i(n) = 126*n - 13732. What is i(109)?
2
Let s(k) = 358*k**3 - k**2 - 17*k + 16. Determine s(1).
356
Let m(i) = 61*i + 8926. Give m(-146).
20
Let o(x) = 233*x + 3484. What is o(-15)?
-11
Let v(k) = -2*k**2 - 